- (-1 - -3)). Calculate the highest common divisor of f and c.
29
Let r = -484 + 288. Let u = r - -274. Calculate the highest common factor of u and 78.
78
Let o be 420/147 - (-24)/21. Suppose -25 = -10*v + 5*v. Suppose 5*q - v*n + 36 - 161 = 0, o*q + n - 85 = 0. What is the highest common divisor of 88 and q?
22
Let x(c) = c**3 - 51*c**2 + 69*c + 169. Let j be x(50). What is the greatest common divisor of j and 30?
3
Suppose -5*w - 482 + 1621 = 2*d, -3*d - w = -1715. Suppose 23*u - d = 463. Calculate the highest common factor of 10 and u.
5
Suppose -2*g = 3*k + k + 228, 3*g - 296 = 5*k. Let v be 4/(-22) - (-4962)/66. Let y = k + v. What is the highest common factor of 85 and y?
17
Suppose 448 = c - 827. Suppose -53*d + 36*d = -c. Calculate the greatest common divisor of 105 and d.
15
Let l(q) = 82*q + 5612. Let p be l(-40). Calculate the highest common divisor of 53 and p.
53
Let r(j) = 11*j**3 - 3*j**2 + 6*j. Let b be r(4). Suppose -2*u - 4*f = -108, 98*u - 2*f = 100*u - 94. What is the greatest common divisor of b and u?
40
Let i be (-2077)/(-11) - (1 - (-39)/(-33)). Suppose -n = 4*o - 254 + 91, -3*o = -3*n - 141. What is the highest common divisor of i and o?
21
Let u(q) = -3*q**2 - 3*q + 0*q**2 + 2 + 0. Let b be u(-3). Let n = b + 67. What is the highest common divisor of n and 17?
17
Let k be 34144/(-176)*1/(3/(-12)). Calculate the greatest common divisor of 291 and k.
97
Let v(y) = 95*y - 2730. Let s be v(30). Calculate the highest common divisor of 168 and s.
24
Let c(b) = -4 - 4 - 5 + 3*b. Let s be ((-48)/5 - (-3)/5)*-1. Let v be c(s). What is the greatest common divisor of v and 98?
14
Let j(p) = 127*p + 201. Let q be j(5). Suppose 0 = -13*c - q + 2968. What is the highest common factor of 4 and c?
4
Suppose -2*a - 5*m + 1987 = 0, 5*a - 32*m - 4918 = -28*m. What is the greatest common factor of 170 and a?
34
Let i(x) = 12*x - 64. Let r be i(8). Let v(n) = -2*n - 10. Let c be v(-7). Suppose c*d = d + 576. What is the greatest common factor of d and r?
32
Suppose -119*o - 78615 = -201281 - 198991. What is the highest common divisor of 102 and o?
51
Suppose 5*v + 3*f = 11862, 2545 = v - 2*f + 157. Calculate the greatest common divisor of 20 and v.
4
Suppose -o = -1, -3*q = -o - 28 - 10. Let j(s) = -s + 33. Let p be j(q). Let m be 31 + -1 + (0 - 0). Calculate the greatest common factor of m and p.
10
Let u(q) = 2*q**3 + 9*q**2 - q + 25. Let t be u(-5). Suppose 3*d = -d - 20, 35 = t*p - d. What is the greatest common factor of p and 138?
6
Let c(u) = 9*u**2 + 51*u + 107. Let l be c(-3). Calculate the greatest common divisor of 10080 and l.
35
Let g be (-73)/2*-2 + -1. Let k = 144 - g. Suppose -154 = -j + 26. What is the greatest common divisor of k and j?
36
Suppose -443 - 49 = -3*d. Suppose 4*n = -4*c + d, -n - 5*c + 0*c = -33. Calculate the highest common factor of 430 and n.
43
Let f(l) = 6*l + 67. Let z be f(-8). Suppose z*r = 9*r + 770. What is the greatest common divisor of r and 88?
11
Let a = 99 - 102. Let l(o) = -5*o**3 + 2*o + 4. Let i be l(a). Calculate the highest common factor of i and 38.
19
Let i = 380 - 388. Let j(t) = -2*t**2 - 23*t - 6. Let r be j(i). Calculate the highest common divisor of r and 800.
50
Let o be ((-1422)/15)/(321/(-3745)). Calculate the highest common factor of 14 and o.
14
Let z be 3234/(-10) + (-6)/(-15). Let j = -203 - z. What is the highest common factor of j and 10?
10
Suppose 104175 = 128*i - 22161. Calculate the highest common factor of 517 and i.
47
Suppose 0 = -10*p + 1217 - 297. Let c be -17 - -19 - p/(-2). Calculate the highest common factor of c and 36.
12
Let u be 2/(-3) - (-22)/6. Suppose 31 - 196 = -u*o. Let n be -5*(-66)/(-15)*((-1 - -4) + -4). Calculate the highest common divisor of o and n.
11
Let t(x) = 268*x + 250. Let w be t(3). What is the greatest common divisor of w and 62?
62
Let l = 15923 - 2745. What is the highest common factor of 22 and l?
22
Let f(v) = 30*v - 172. Suppose -10*b + 262 - 202 = 0. Let d be f(b). What is the highest common factor of d and 488?
8
Let o = -115778 + 115834. Suppose 4*s - 74 = 430. Calculate the highest common divisor of o and s.
14
Let j = -2536 - -2661. What is the highest common factor of j and 10?
5
Let i = 4844 + -4340. Calculate the greatest common divisor of 45 and i.
9
Suppose -3*f = -0*f - 42. Suppose -o + s = -95 - 246, -4*s = 4. Let u be 2 - (-3)/(15/o). What is the highest common divisor of f and u?
14
Let t = -138 - -143. Suppose -l + 4*l = -t*c + 111, 5*l + 15 = 0. Calculate the greatest common divisor of c and 15.
3
Let g(p) = -p**2 - 18*p + 59. Let i(k) = 11*k + 61. Let j be i(-7). Let b be g(j). What is the highest common factor of b and 7?
7
Suppose -75 = a + 5*d - 324, d = -2*a + 471. Suppose b = 4*j + 90 + 16, 3*j = -2*b + a. What is the highest common divisor of b and 19?
19
Suppose 0 = -2*c - 113 + 129. Suppose -c*k = -5*t - 6*k + 130, 5*k = -5*t + 95. What is the greatest common factor of 12 and t?
12
Let r(x) = 3*x - 35. Let n be r(14). Suppose -n*y = -3*y - 8. Suppose y*d - 457 = -0*d - 3*t, 5*d = 4*t + 1108. What is the highest common divisor of d and 32?
32
Let w = -32166 + 32170. Suppose -i + 2*s + 15 = -1, 4*i = 4*s + 64. Calculate the greatest common factor of w and i.
4
Suppose -145 + 325 = 5*t. What is the greatest common factor of t and 174?
6
Let r(t) = -t - 2 + 6 - 22 - 2*t + 11*t**2. Let j be r(-2). Calculate the greatest common factor of j and 288.
32
Suppose 34*f = 33*f + 58. Suppose 10 = -v + f. Calculate the highest common divisor of 176 and v.
16
Let m(t) = -t**3 - 2*t**2 + 5*t - 2. Let l = -168 + 116. Let v = 48 + l. Let a be m(v). Calculate the highest common factor of 4 and a.
2
Let u = -182 + 182. Suppose 0 = -5*b - 5*p + 1260, -4*b + u*p = -4*p - 1040. Calculate the highest common divisor of 32 and b.
32
Let n = 4993 - 4863. Calculate the highest common factor of 1105 and n.
65
Let h be (-200)/(-4)*1*(-4)/(-20). Calculate the highest common factor of 465 and h.
5
Suppose 0 = 182*y - 173*y - 288. What is the greatest common factor of 1312 and y?
32
Suppose -10*t = -87 + 37. Let q be t/(-1 + 0) - -1. Let d be q/(-6)*39*14/4. What is the highest common divisor of d and 13?
13
Let d = 2140 - 2002. Calculate the highest common divisor of 96 and d.
6
Suppose 194 = 5*u + 3*s + 11, s + 4 = 0. Let l = -25 + u. Let c be ((-4)/((-96)/(-126)))/(18/(-624)*1). Calculate the highest common factor of c and l.
14
Let s(u) = 5*u - 72. Let a be s(19). Suppose -l = 3*d - a, -3*d + 6*d = -3*l + 87. Calculate the highest common factor of l and 32.
32
Let r(u) = -8*u + 58. Let i be r(12). Suppose 4*w - w - 195 = 0. Let y = i + w. Calculate the greatest common divisor of y and 18.
9
Let i(q) = q**2 - q + 4. Let w be i(3). Let m(h) = 6*h - 48. Let l be m(w). Calculate the greatest common divisor of l and 42.
6
Let u(t) = -t**2 + 10*t + 17. Let c be ((-11)/2)/((-4)/8). Let m be u(c). Let b be (-286)/(-33) - (-2)/m. What is the highest common divisor of b and 27?
9
Let p = 1884 - 759. What is the highest common divisor of 9 and p?
9
Let b(h) = -66*h - 2. Let u be b(-2). Suppose 0 = 3*p - 0*p + 5*v - 1275, 0 = 4*p + 2*v - 1686. Let c = 430 - p. What is the greatest common factor of u and c?
10
Let f(a) = 7*a**2 + 23*a + 7. Let n be f(-4). Suppose -n = 52*z - 55*z. Calculate the highest common factor of 1 and z.
1
Let c be (4/12)/((-10)/(-1960)*(-21)/(-18)). What is the greatest common factor of c and 2212?
28
Let h = 4619 - 4595. Calculate the greatest common factor of 13944 and h.
24
Let y = 770 + -237. Let r = 995 - y. Calculate the highest common factor of 42 and r.
42
Let f(v) = v**2 - 3*v + 4. Let a be f(3). Let t(r) = 79*r + 678. Let b be t(-6). Let q be 1938/b - (-2)/4. Calculate the highest common divisor of q and a.
2
Suppose -486 = -d - 2*m - 150, -4*d + 11*m = -1211. Calculate the greatest common factor of d and 2806.
46
Let m = 17037 - 16773. Calculate the highest common factor of 1914 and m.
66
Suppose 39*o + 37*o - 3040 = 0. Suppose -2*f + 270 = -3*s, f - s + 675 = 6*f. Suppose -y + f = 35. What is the highest common divisor of y and o?
20
Let q be (833/49)/(4 + (-5 - -2)). What is the greatest common divisor of 1088 and q?
17
Suppose 5*h + 3*r = 105, 4*r = 3*h - 0*r - 63. Suppose 6*p - 1092 = 180. Suppose 2753 